{"id":2900,"date":"2024-11-26T06:33:51","date_gmt":"2024-11-26T06:33:51","guid":{"rendered":"https:\/\/asz-online.de\/?page_id=2900"},"modified":"2026-03-12T12:16:08","modified_gmt":"2026-03-12T12:16:08","slug":"downloads","status":"publish","type":"page","link":"https:\/\/asz-online.de\/index.php\/dienstleistungen\/downloads\/","title":{"rendered":"Downloads"},"content":{"rendered":"<h3>Alle Formulare und Flyer stehen im PDF-Format zur Verf\u00fcgung.<\/h3>\n<h3>Angebotsformulare f\u00fcr das Dienstleistungsangebot<\/h3>\n<p><a href=\"https:\/\/asz-online.de\/wp-content\/uploads\/2026\/02\/Angebot_AS_AM_BS_GG_20260203.pdf\" target=\"_blank\" rel=\"noopener\"><strong><span style=\"color: #ff0000;\">Angebotsformular f\u00fcr sicherheitstechnische und arbeitsmedizinische Betreuung<\/span><\/strong><\/a><\/p>\n<p><span style=\"color: #ff0000;\"><a style=\"color: #ff0000;\" href=\"https:\/\/asz-online.de\/wp-content\/uploads\/2026\/02\/Angebot-Brandschutzunterlagen_20260203.pdf\" target=\"_blank\" rel=\"noopener\"><strong>Angebotsformular zur Erstellung\/Aktualisierung von Brandschutzunterlagen<\/strong><\/a><\/span><\/p>\n<p><span style=\"color: #ff0000;\"><a style=\"color: #ff0000;\" href=\"https:\/\/asz-online.de\/wp-content\/uploads\/2026\/02\/Angebot-Spielplatzpruefung_20260203.pdf\" target=\"_blank\" rel=\"noopener\"><strong>\u00a0Angebotsformular f\u00fcr Spielplatzpr\u00fcfungen<\/strong><\/a><\/span><\/p>\n<hr \/>\n<h3>Anmeldeformulare f\u00fcr das Schulungsangebot 2026<\/h3>\n<p><a href=\"https:\/\/asz-online.de\/wp-content\/uploads\/2025\/11\/Schulungstermine_2026.pdf\" target=\"_blank\" rel=\"noopener\"><strong><span style=\"color: #ff0000;\">Termine als PDF downloaden<\/span><\/strong><\/a><\/p>\n<p><span style=\"color: #ff0000;\"><a style=\"color: #ff0000;\" href=\"https:\/\/asz-online.de\/wp-content\/uploads\/2026\/01\/Anmeldeformular-Grundausbildung-zum-Sicherheitsbeauftragten_26_b.pdf\" target=\"_blank\" rel=\"noopener\"><strong>Sicherheitsbeauftragte(r) nach \u00a7 22 SGB VII Grundkurs<\/strong><\/a><\/span><\/p>\n<p><span style=\"color: #ff0000;\"><a style=\"color: #ff0000;\" href=\"https:\/\/asz-online.de\/wp-content\/uploads\/2026\/01\/Anmeldeformular-Fortbildung-zum-Sicherheitsbeauftragten_26_b.pdf\" target=\"_blank\" rel=\"noopener\"><strong>Sicherheitsbeauftragte(r) nach \u00a7 22 SGB VII Fortbildung<\/strong><\/a><\/span><\/p>\n<p><span style=\"color: #ff0000;\"><a style=\"color: #ff0000;\" href=\"https:\/\/asz-online.de\/wp-content\/uploads\/2026\/01\/Anmeldeformular-Ladungssicherung_26_b.pdf\" target=\"_blank\" rel=\"noopener\"><strong>Ladungssicherung auf Stra\u00dfenfahrzeugen VDI 2700<\/strong><\/a><\/span><\/p>\n<p><span style=\"color: #ff0000;\"><a style=\"color: #ff0000;\" href=\"https:\/\/asz-online.de\/wp-content\/uploads\/2026\/01\/Anmeldeformular-Brandschutzhelfer-ASZ_26_b.pdf\" target=\"_blank\" rel=\"noopener\"><strong>Brandschutzhelfer(in)<\/strong><\/a><\/span><\/p>\n<p><span style=\"color: #ff0000;\"><a style=\"color: #ff0000;\" href=\"https:\/\/asz-online.de\/wp-content\/uploads\/2026\/01\/Anmeldeformular-Brandschutzhelfer-ERFURT_26_b.pdf\" target=\"_blank\" rel=\"noopener\"><strong>Brandschutzhelfer(in) Termin Erfurt<\/strong><\/a><\/span><\/p>\n<p><span style=\"color: #ff0000;\"><a style=\"color: #ff0000;\" href=\"https:\/\/asz-online.de\/wp-content\/uploads\/2026\/01\/Anmeldeformular-Ersthelfer_ASZ_26_b.pdf\" target=\"_blank\" rel=\"noopener\"><strong>Ersthelfer(in)<\/strong><\/a><\/span><\/p>\n<hr \/>\n<h3>Angebotsflyer f\u00fcr pers\u00f6nliche Schutzausr\u00fcstung<\/h3>\n<p><a href=\"https:\/\/asz-online.de\/wp-content\/uploads\/2026\/02\/ASZ_februar_April_26.pdf\" target=\"_blank\" rel=\"noopener\"><span style=\"color: #ff0000;\"><strong>Angebote Februar-April 2026<\/strong><\/span><\/a><\/p>\n<hr \/>\n<h3>Sonstiges<\/h3>\n<p><a href=\"https:\/\/asz-online.de\/wp-content\/uploads\/2025\/12\/Datenschutzerklaerung_15122025.pdf\" target=\"_blank\" rel=\"noopener\"><strong><span style=\"color: #ff0000;\">Datenschutzerkl\u00e4rung<\/span><\/strong><\/a><\/p>\n<p><a href=\"https:\/\/asz-online.de\/webpaper\/page.pdf\" target=\"_blank\" rel=\"noopener\"><span style=\"color: #ff0000;\"><strong>ASZ-Firmenbrosch\u00fcre<\/strong><\/span><\/a><\/p>\n","protected":false},"excerpt":{"rendered":"<p>Alle Formulare und Flyer stehen im PDF-Format zur Verf\u00fcgung. Angebotsformulare f\u00fcr das Dienstleistungsangebot Angebotsformular f\u00fcr sicherheitstechnische und arbeitsmedizinische Betreuung Angebotsformular zur Erstellung\/Aktualisierung von Brandschutzunterlagen \u00a0Angebotsformular f\u00fcr Spielplatzpr\u00fcfungen Anmeldeformulare f\u00fcr das Schulungsangebot 2026 Termine als PDF downloaden Sicherheitsbeauftragte(r) nach \u00a7 22 SGB VII Grundkurs Sicherheitsbeauftragte(r) nach \u00a7 22 SGB VII Fortbildung Ladungssicherung auf Stra\u00dfenfahrzeugen VDI 2700 &hellip; <\/p>\n<p class=\"link-more\"><a href=\"https:\/\/asz-online.de\/index.php\/dienstleistungen\/downloads\/\" class=\"more-link\"><span class=\"screen-reader-text\">\u201eDownloads\u201c <\/span>weiterlesen<\/a><\/p>\n","protected":false},"author":2,"featured_media":3292,"parent":190,"menu_order":0,"comment_status":"closed","ping_status":"closed","template":"","meta":[],"_links":{"self":[{"href":"https:\/\/asz-online.de\/index.php\/wp-json\/wp\/v2\/pages\/2900"}],"collection":[{"href":"https:\/\/asz-online.de\/index.php\/wp-json\/wp\/v2\/pages"}],"about":[{"href":"https:\/\/asz-online.de\/index.php\/wp-json\/wp\/v2\/types\/page"}],"author":[{"embeddable":true,"href":"https:\/\/asz-online.de\/index.php\/wp-json\/wp\/v2\/users\/2"}],"replies":[{"embeddable":true,"href":"https:\/\/asz-online.de\/index.php\/wp-json\/wp\/v2\/comments?post=2900"}],"version-history":[{"count":43,"href":"https:\/\/asz-online.de\/index.php\/wp-json\/wp\/v2\/pages\/2900\/revisions"}],"predecessor-version":[{"id":3419,"href":"https:\/\/asz-online.de\/index.php\/wp-json\/wp\/v2\/pages\/2900\/revisions\/3419"}],"up":[{"embeddable":true,"href":"https:\/\/asz-online.de\/index.php\/wp-json\/wp\/v2\/pages\/190"}],"wp:featuredmedia":[{"embeddable":true,"href":"https:\/\/asz-online.de\/index.php\/wp-json\/wp\/v2\/media\/3292"}],"wp:attachment":[{"href":"https:\/\/asz-online.de\/index.php\/wp-json\/wp\/v2\/media?parent=2900"}],"curies":[{"name":"wp","href":"https:\/\/api.w.org\/{rel}","templated":true}]}}