{"id":178,"date":"2017-07-28T12:33:50","date_gmt":"2017-07-28T12:33:50","guid":{"rendered":"http:\/\/asz-online.com\/?page_id=178"},"modified":"2026-04-17T05:39:03","modified_gmt":"2026-04-17T05:39:03","slug":"schulungstermine","status":"publish","type":"page","link":"https:\/\/asz-online.de\/index.php\/dienstleistungen\/schulung\/schulungstermine\/","title":{"rendered":"Schulungstermine"},"content":{"rendered":"<h1>Schulungstermine 2026 in Altengottern und Erfurt<\/h1>\n<p>Bitte beachten Sie, dass es unter Umst\u00e4nden zu Absagen von Schulungsterminen kommen kann. Wir werden Sie auf unserer Homepage rechtzeitig dar\u00fcber informieren. Wir bitten um Ihr Verst\u00e4ndnis.<\/p>\n<p><a href=\"https:\/\/asz-online.de\/wp-content\/uploads\/2025\/11\/Schulungstermine_2026.pdf\" target=\"_blank\" rel=\"noopener\"><strong><span style=\"color: #ff0000;\">Termine als PDF downloaden<\/span><\/strong><\/a><\/p>\n<hr \/>\n<h2>Termine in Altengottern 2026<\/h2>\n<p><strong>Die Schulungen finden statt im:<\/strong><br \/>\nArbeitsschutzzentrum in Th\u00fcringen<br \/>\nAltengottern<br \/>\nHauptstra\u00dfe 4<br \/>\n99991 Unstrut Hainich<\/p>\n<p>Eine Teilnahme ist nur m\u00f6glich, wenn das von Ihnen ausgef\u00fcllte Anmeldeformular rechtzeitig bei uns vorliegt!<\/p>\n<p><strong>Sicherheitsbeauftragte(r) nach \u00a7 22 SGB VII<\/strong><br \/>\n<strong>Grundkurs<\/strong><\/p>\n<p>Kurs 2: 10.09.2026 + 11.09.2026<\/p>\n<p>Tag 1: 08:30 Uhr &#8211; 16:00 Uhr<br \/>\nTag 2: 08:30 Uhr &#8211; 14:00 Uhr<\/p>\n<p><a href=\"https:\/\/asz-online.de\/wp-content\/uploads\/2026\/01\/Anmeldeformular-Grundausbildung-zum-Sicherheitsbeauftragten_26_b.pdf\" target=\"_blank\" rel=\"noopener\"><span style=\"color: #ff0000;\"><strong>Download Anmeldeformular<\/strong><\/span><\/a><\/p>\n<hr \/>\n<p><strong>Sicherheitsbeauftragte(r) nach \u00a7 22 SGB VII<\/strong><br \/>\n<strong>Fortbildung<\/strong><\/p>\n<p>Kurs 1: 07.05.2026<br \/>\nKurs 2: 17.09.2026<\/p>\n<p>Beginn: 08:30 Uhr<br \/>\nEnde ca.: 16:00 Uhr<\/p>\n<p><a href=\"https:\/\/asz-online.de\/wp-content\/uploads\/2026\/01\/Anmeldeformular-Fortbildung-zum-Sicherheitsbeauftragten_26_b.pdf\" target=\"_blank\" rel=\"noopener\"><strong><span style=\"color: #ff0000;\">Download Anmeldeformular<\/span><\/strong><\/a><\/p>\n<hr \/>\n<p><strong>Ladungssicherung auf Stra\u00dfenfahrzeugen VDI 2700<\/strong><\/p>\n<p>Kurs 2: 19.11.2026<\/p>\n<p>Beginn: 08:00 Uhr<br \/>\nEnde ca.: 16:00 Uhr<\/p>\n<p><span style=\"color: #ff0000;\"><a style=\"color: #ff0000;\" href=\"https:\/\/asz-online.de\/wp-content\/uploads\/2026\/01\/Anmeldeformular-Ladungssicherung_26_b.pdf\" target=\"_blank\" rel=\"noopener\"><strong>Download Anmeldeformular<\/strong><\/a><\/span><\/p>\n<hr \/>\n<p><strong>Brandschutzhelfer(in)<\/strong><\/p>\n<p>Kurs 2: 21.05.2026<br \/>\nKurs 3: 25.06.2026<br \/>\nKurs 4: 04.09.2026<br \/>\nKurs 5: 06.11.2026<\/p>\n<p>Beginn: 08:00 Uhr<br \/>\nEnde ca.: 14:00 Uhr<\/p>\n<p><a href=\"https:\/\/asz-online.de\/wp-content\/uploads\/2026\/01\/Anmeldeformular-Brandschutzhelfer-ASZ_26_b.pdf\" target=\"_blank\" rel=\"noopener\"><strong><span style=\"color: #ff0000;\">Download Anmeldeformular<\/span><\/strong><\/a><\/p>\n<hr \/>\n<p><strong>Ersthelfer(in)<\/strong><\/p>\n<p><span style=\"color: #ff0000;\"><strong>Kurs 3: 05.06.2026: Ausgebucht!<\/strong><\/span><br \/>\n<span style=\"color: #ff0000;\"><strong>Kurs 4: 18.06.2026: Ausgebucht!<\/strong><\/span><br \/>\nKurs 5: 24.09.2026<br \/>\nKurs 6: 12.11.2026<br \/>\nKurs 7: 27.11.2026<\/p>\n<p>Beginn: 08:00 Uhr<br \/>\nEnde ca.: 16:00 Uhr<\/p>\n<p><a href=\"https:\/\/asz-online.de\/wp-content\/uploads\/2026\/01\/Anmeldeformular-Ersthelfer_ASZ_26_b.pdf\" target=\"_blank\" rel=\"noopener\"><strong><span style=\"color: #ff0000;\">Download Anmeldeformular<\/span><\/strong><\/a><\/p>\n<hr \/>\n<h2>Termine in Erfurt 2026<\/h2>\n<p><strong>Die Schulungen finden statt :<\/strong><br \/>\nBlumenstra\u00dfe 70<br \/>\n99092 Erfurt<\/p>\n<p>Eine Teilnahme ist nur m\u00f6glich, wenn das von Ihnen ausgef\u00fcllte Anmeldeformular rechtzeitig bei uns vorliegt!<\/p>\n<p><strong>Brandschutzhelfer(in)<\/strong><\/p>\n<p>Kurs 1: 18.09.2026<\/p>\n<p>Beginn: 08:00 Uhr<br \/>\nEnde ca.: 14:00 Uhr<\/p>\n<p><a href=\"https:\/\/asz-online.de\/wp-content\/uploads\/2026\/01\/Anmeldeformular-Brandschutzhelfer-ERFURT_26_b.pdf\" target=\"_blank\" rel=\"noopener\"><strong><span style=\"color: #ff0000;\">Download Anmeldeformular<\/span><\/strong><\/a><\/p>\n<hr \/>\n<h2>Kontakt f\u00fcr Schulungsfragen:<\/h2>\n<p>Frau Vanessa Schuchert<br \/>\nTel.: 036022 \/ 18 00 16<br \/>\nMail: bildungsakademie@asz-online.de<\/p>\n<p>Arbeitsschutzzentrum in Th\u00fcringen<br \/>\nAltengottern<br \/>\nHauptstra\u00dfe 4<br \/>\n99991 Unstrut-Hainich<\/p>\n","protected":false},"excerpt":{"rendered":"<p>Schulungstermine 2026 in Altengottern und Erfurt Bitte beachten Sie, dass es unter Umst\u00e4nden zu Absagen von Schulungsterminen kommen kann. Wir werden Sie auf unserer Homepage rechtzeitig dar\u00fcber informieren. Wir bitten um Ihr Verst\u00e4ndnis. Termine als PDF downloaden Termine in Altengottern 2026 Die Schulungen finden statt im: Arbeitsschutzzentrum in Th\u00fcringen Altengottern Hauptstra\u00dfe 4 99991 Unstrut Hainich &hellip; <\/p>\n<p class=\"link-more\"><a href=\"https:\/\/asz-online.de\/index.php\/dienstleistungen\/schulung\/schulungstermine\/\" class=\"more-link\"><span class=\"screen-reader-text\">\u201eSchulungstermine\u201c <\/span>weiterlesen<\/a><\/p>\n","protected":false},"author":2,"featured_media":3264,"parent":45,"menu_order":0,"comment_status":"closed","ping_status":"closed","template":"","meta":[],"_links":{"self":[{"href":"https:\/\/asz-online.de\/index.php\/wp-json\/wp\/v2\/pages\/178"}],"collection":[{"href":"https:\/\/asz-online.de\/index.php\/wp-json\/wp\/v2\/pages"}],"about":[{"href":"https:\/\/asz-online.de\/index.php\/wp-json\/wp\/v2\/types\/page"}],"author":[{"embeddable":true,"href":"https:\/\/asz-online.de\/index.php\/wp-json\/wp\/v2\/users\/2"}],"replies":[{"embeddable":true,"href":"https:\/\/asz-online.de\/index.php\/wp-json\/wp\/v2\/comments?post=178"}],"version-history":[{"count":339,"href":"https:\/\/asz-online.de\/index.php\/wp-json\/wp\/v2\/pages\/178\/revisions"}],"predecessor-version":[{"id":3431,"href":"https:\/\/asz-online.de\/index.php\/wp-json\/wp\/v2\/pages\/178\/revisions\/3431"}],"up":[{"embeddable":true,"href":"https:\/\/asz-online.de\/index.php\/wp-json\/wp\/v2\/pages\/45"}],"wp:featuredmedia":[{"embeddable":true,"href":"https:\/\/asz-online.de\/index.php\/wp-json\/wp\/v2\/media\/3264"}],"wp:attachment":[{"href":"https:\/\/asz-online.de\/index.php\/wp-json\/wp\/v2\/media?parent=178"}],"curies":[{"name":"wp","href":"https:\/\/api.w.org\/{rel}","templated":true}]}}

<h1>Schulungstermine 2026 in Altengottern und Erfurt</h1>
<p>Bitte beachten Sie, dass es unter Umständen zu Absagen von Schulungsterminen kommen kann. Wir werden Sie auf unserer Homepage rechtzeitig darüber informieren. Wir bitten um Ihr Verständnis.</p>
<p><a href="https://asz-online.de/wp-content/uploads/2025/11/Schulungstermine_2026.pdf" target="_blank" rel="noopener"><strong><span style="color: #ff0000;">Termine als PDF downloaden</span></strong></a></p>
<hr />
<h2>Termine in Altengottern 2026</h2>
<p><strong>Die Schulungen finden statt im:</strong><br />
Arbeitsschutzzentrum in Thüringen<br />
Altengottern<br />
Hauptstraße 4<br />
99991 Unstrut Hainich</p>
<p>Eine Teilnahme ist nur möglich, wenn das von Ihnen ausgefüllte Anmeldeformular rechtzeitig bei uns vorliegt!</p>
<p><strong>Sicherheitsbeauftragte(r) nach § 22 SGB VII</strong><br />
<strong>Grundkurs</strong></p>
<p>Kurs 2: 10.09.2026 + 11.09.2026</p>
<p>Tag 1: 08:30 Uhr &#8211; 16:00 Uhr<br />
Tag 2: 08:30 Uhr &#8211; 14:00 Uhr</p>
<p><a href="https://asz-online.de/wp-content/uploads/2026/01/Anmeldeformular-Grundausbildung-zum-Sicherheitsbeauftragten_26_b.pdf" target="_blank" rel="noopener"><span style="color: #ff0000;"><strong>Download Anmeldeformular</strong></span></a></p>
<hr />
<p><strong>Sicherheitsbeauftragte(r) nach § 22 SGB VII</strong><br />
<strong>Fortbildung</strong></p>
<p>Kurs 1: 07.05.2026<br />
Kurs 2: 17.09.2026</p>
<p>Beginn: 08:30 Uhr<br />
Ende ca.: 16:00 Uhr</p>
<p><a href="https://asz-online.de/wp-content/uploads/2026/01/Anmeldeformular-Fortbildung-zum-Sicherheitsbeauftragten_26_b.pdf" target="_blank" rel="noopener"><strong><span style="color: #ff0000;">Download Anmeldeformular</span></strong></a></p>
<hr />
<p><strong>Ladungssicherung auf Straßenfahrzeugen VDI 2700</strong></p>
<p>Kurs 2: 19.11.2026</p>
<p>Beginn: 08:00 Uhr<br />
Ende ca.: 16:00 Uhr</p>
<p><span style="color: #ff0000;"><a style="color: #ff0000;" href="https://asz-online.de/wp-content/uploads/2026/01/Anmeldeformular-Ladungssicherung_26_b.pdf" target="_blank" rel="noopener"><strong>Download Anmeldeformular</strong></a></span></p>
<hr />
<p><strong>Brandschutzhelfer(in)</strong></p>
<p>Kurs 2: 21.05.2026<br />
Kurs 3: 25.06.2026<br />
Kurs 4: 04.09.2026<br />
Kurs 5: 06.11.2026</p>
<p>Beginn: 08:00 Uhr<br />
Ende ca.: 14:00 Uhr</p>
<p><a href="https://asz-online.de/wp-content/uploads/2026/01/Anmeldeformular-Brandschutzhelfer-ASZ_26_b.pdf" target="_blank" rel="noopener"><strong><span style="color: #ff0000;">Download Anmeldeformular</span></strong></a></p>
<hr />
<p><strong>Ersthelfer(in)</strong></p>
<p><span style="color: #ff0000;"><strong>Kurs 3: 05.06.2026: Ausgebucht!</strong></span><br />
<span style="color: #ff0000;"><strong>Kurs 4: 18.06.2026: Ausgebucht!</strong></span><br />
Kurs 5: 24.09.2026<br />
Kurs 6: 12.11.2026<br />
Kurs 7: 27.11.2026</p>
<p>Beginn: 08:00 Uhr<br />
Ende ca.: 16:00 Uhr</p>
<p><a href="https://asz-online.de/wp-content/uploads/2026/01/Anmeldeformular-Ersthelfer_ASZ_26_b.pdf" target="_blank" rel="noopener"><strong><span style="color: #ff0000;">Download Anmeldeformular</span></strong></a></p>
<hr />
<h2>Termine in Erfurt 2026</h2>
<p><strong>Die Schulungen finden statt :</strong><br />
Blumenstraße 70<br />
99092 Erfurt</p>
<p>Eine Teilnahme ist nur möglich, wenn das von Ihnen ausgefüllte Anmeldeformular rechtzeitig bei uns vorliegt!</p>
<p><strong>Brandschutzhelfer(in)</strong></p>
<p>Kurs 1: 18.09.2026</p>
<p>Beginn: 08:00 Uhr<br />
Ende ca.: 14:00 Uhr</p>
<p><a href="https://asz-online.de/wp-content/uploads/2026/01/Anmeldeformular-Brandschutzhelfer-ERFURT_26_b.pdf" target="_blank" rel="noopener"><strong><span style="color: #ff0000;">Download Anmeldeformular</span></strong></a></p>
<hr />
<h2>Kontakt für Schulungsfragen:</h2>
<p>Frau Vanessa Schuchert<br />
Tel.: 036022 / 18 00 16<br />
Mail: bildungsakademie@asz-online.de</p>
<p>Arbeitsschutzzentrum in Thüringen<br />
Altengottern<br />
Hauptstraße 4<br />
99991 Unstrut-Hainich</p>

<p>Schulungstermine 2026 in Altengottern und Erfurt Bitte beachten Sie, dass es unter Umständen zu Absagen von Schulungsterminen kommen kann. Wir werden Sie auf unserer Homepage rechtzeitig darüber informieren. Wir bitten um Ihr Verständnis. Termine als PDF downloaden Termine in Altengottern 2026 Die Schulungen finden statt im: Arbeitsschutzzentrum in Thüringen Altengottern Hauptstraße 4 99991 Unstrut Hainich &hellip; </p>
<p class="link-more"><a href="https://asz-online.de/index.php/dienstleistungen/schulung/schulungstermine/" class="more-link"><span class="screen-reader-text">„Schulungstermine“ </span>weiterlesen</a></p>
