{"id":1017,"date":"2018-08-10T05:44:04","date_gmt":"2018-08-10T05:44:04","guid":{"rendered":"http:\/\/asz-online.de\/?page_id=1017"},"modified":"2026-02-20T09:44:06","modified_gmt":"2026-02-20T09:44:06","slug":"ueber-uns","status":"publish","type":"page","link":"https:\/\/asz-online.de\/index.php\/unternehmen\/ueber-uns\/","title":{"rendered":"\u00dcber uns"},"content":{"rendered":"<h2>Lernen Sie uns kennen!<\/h2>\n<div class=\"BorlabsCookie\">\n<div class=\"_brlbs-content-blocker\">\n<div class=\"_brlbs-embed _brlbs-video-youtube\"> <img decoding=\"async\" class=\"_brlbs-thumbnail\" src=\"https:\/\/asz-online.de\/wp-content\/plugins\/borlabs-cookie\/images\/cb-no-thumbnail.png\" alt=\"YouTube\"> <\/p>\n<div class=\"_brlbs-caption\">\n<p>Mit dem Laden des Videos akzeptieren Sie die Datenschutzerkl\u00e4rung von YouTube.<br \/><a href=\"https:\/\/policies.google.com\/privacy\" target=\"_blank\" rel=\"nofollow noopener noreferrer\">Mehr erfahren<\/a><\/p>\n<p><a class=\"_brlbs-btn _brlbs-icon-play-white\" href=\"#\" data-borlabs-cookie-unblock role=\"button\">Video laden<\/a><\/p>\n<p><label><input type=\"checkbox\" name=\"unblockAll\" value=\"1\" checked> <small>YouTube immer entsperren<\/small><\/label><\/p>\n<\/p><\/div>\n<\/p><\/div>\n<\/p><\/div>\n<div class=\"borlabs-hide\" data-borlabs-cookie-type=\"content-blocker\" data-borlabs-cookie-id=\"youtube\"><script type=\"text\/template\">PGlmcmFtZSB0aXRsZT0iU2ljaGVyIGlzdCBzaWNoZXIhIHwgQXJiZWl0c3NjaHV0enplbnRydW0gaW4gVGjDvHJpbmdlbiAoQVNaKSIgd2lkdGg9IjUyNSIgaGVpZ2h0PSIyOTUiIHNyYz0iaHR0cHM6Ly93d3cueW91dHViZS1ub2Nvb2tpZS5jb20vZW1iZWQvYnhCQjNmc0xfbm8\/ZmVhdHVyZT1vZW1iZWQiIGZyYW1lYm9yZGVyPSIwIiBhbGxvdz0iYWNjZWxlcm9tZXRlcjsgYXV0b3BsYXk7IGNsaXBib2FyZC13cml0ZTsgZW5jcnlwdGVkLW1lZGlhOyBneXJvc2NvcGU7IHBpY3R1cmUtaW4tcGljdHVyZTsgd2ViLXNoYXJlIiByZWZlcnJlcnBvbGljeT0ic3RyaWN0LW9yaWdpbi13aGVuLWNyb3NzLW9yaWdpbiIgYWxsb3dmdWxsc2NyZWVuPjwvaWZyYW1lPg==<\/script><\/div>\n<\/div>\n<ul>\n<li>Unser gesamtes Handeln ist auf den Schutz und die Erhaltung des Lebens und der Gesundheit von arbeitenden Menschen ausgerichtet.<\/li>\n<li>Hervorragende Servicequalit\u00e4t am Kunden ist Anspruch und Ziel unserer Arbeit.<\/li>\n<li>Unsere Mitarbeiter sind unser wichtigstes Potenzial.<\/li>\n<li>Wir arbeiten wirtschaftlich und sichern so Arbeitspl\u00e4tze in der Region.<\/li>\n<li>Wir sind tief in der Region verwurzelt, aber auch \u00fcberregional t\u00e4tig.<\/li>\n<li>Bei unserer T\u00e4tigkeit orientieren wir uns an \u00f6kologischen Grunds\u00e4tzen.<\/li>\n<\/ul>\n<hr \/>\n<h2>Firmenpr\u00e4sentationen<\/h2>\n<div class=\"BorlabsCookie\">\n<div class=\"_brlbs-content-blocker\">\n<div class=\"_brlbs-embed _brlbs-video-youtube\"> <img decoding=\"async\" class=\"_brlbs-thumbnail\" src=\"https:\/\/asz-online.de\/wp-content\/plugins\/borlabs-cookie\/images\/cb-no-thumbnail.png\" alt=\"YouTube\"> <\/p>\n<div class=\"_brlbs-caption\">\n<p>Mit dem Laden des Videos akzeptieren Sie die Datenschutzerkl\u00e4rung von YouTube.<br \/><a href=\"https:\/\/policies.google.com\/privacy\" target=\"_blank\" rel=\"nofollow noopener noreferrer\">Mehr erfahren<\/a><\/p>\n<p><a class=\"_brlbs-btn _brlbs-icon-play-white\" href=\"#\" data-borlabs-cookie-unblock role=\"button\">Video laden<\/a><\/p>\n<p><label><input type=\"checkbox\" name=\"unblockAll\" value=\"1\" checked> <small>YouTube immer entsperren<\/small><\/label><\/p>\n<\/p><\/div>\n<\/p><\/div>\n<\/p><\/div>\n<div class=\"borlabs-hide\" data-borlabs-cookie-type=\"content-blocker\" data-borlabs-cookie-id=\"youtube\"><script type=\"text\/template\">PGlmcmFtZSB0aXRsZT0iQnJhbmRzY2h1dHp1bnRlcmxhZ2VuIHZvbSBBU1og4oCTIG1pdCB1bnMga2\/MiG5uZW4gU2llIHBsYW5lbiEiIHdpZHRoPSI1MjUiIGhlaWdodD0iMjk1IiBzcmM9Imh0dHBzOi8vd3d3LnlvdXR1YmUtbm9jb29raWUuY29tL2VtYmVkL1UydHV5dThkTEMwP2ZlYXR1cmU9b2VtYmVkIiBmcmFtZWJvcmRlcj0iMCIgYWxsb3c9ImFjY2VsZXJvbWV0ZXI7IGF1dG9wbGF5OyBjbGlwYm9hcmQtd3JpdGU7IGVuY3J5cHRlZC1tZWRpYTsgZ3lyb3Njb3BlOyBwaWN0dXJlLWluLXBpY3R1cmU7IHdlYi1zaGFyZSIgcmVmZXJyZXJwb2xpY3k9InN0cmljdC1vcmlnaW4td2hlbi1jcm9zcy1vcmlnaW4iIGFsbG93ZnVsbHNjcmVlbj48L2lmcmFtZT4=<\/script><\/div>\n<\/div>\n<hr \/>\n<div class=\"BorlabsCookie\">\n<div class=\"_brlbs-content-blocker\">\n<div class=\"_brlbs-embed _brlbs-video-youtube\"> <img decoding=\"async\" class=\"_brlbs-thumbnail\" src=\"https:\/\/asz-online.de\/wp-content\/plugins\/borlabs-cookie\/images\/cb-no-thumbnail.png\" alt=\"YouTube\"> <\/p>\n<div class=\"_brlbs-caption\">\n<p>Mit dem Laden des Videos akzeptieren Sie die Datenschutzerkl\u00e4rung von YouTube.<br \/><a href=\"https:\/\/policies.google.com\/privacy\" target=\"_blank\" rel=\"nofollow noopener noreferrer\">Mehr erfahren<\/a><\/p>\n<p><a class=\"_brlbs-btn _brlbs-icon-play-white\" href=\"#\" data-borlabs-cookie-unblock role=\"button\">Video laden<\/a><\/p>\n<p><label><input type=\"checkbox\" name=\"unblockAll\" value=\"1\" checked> <small>YouTube immer entsperren<\/small><\/label><\/p>\n<\/p><\/div>\n<\/p><\/div>\n<\/p><\/div>\n<div class=\"borlabs-hide\" data-borlabs-cookie-type=\"content-blocker\" data-borlabs-cookie-id=\"youtube\"><script type=\"text\/template\">PGlmcmFtZSB0aXRsZT0iQXJiZWl0c21lZGl6aW5pc2NoZSBVbnRlcnN1Y2h1bmcgJmFtcDsgQmVnZWh1bmcgaW0gQXV0b2hhdXMgR2xpbmlja2UiIHdpZHRoPSI1MjUiIGhlaWdodD0iMjk1IiBzcmM9Imh0dHBzOi8vd3d3LnlvdXR1YmUtbm9jb29raWUuY29tL2VtYmVkL2JEeUdWUDIxa2JRP2ZlYXR1cmU9b2VtYmVkIiBmcmFtZWJvcmRlcj0iMCIgYWxsb3c9ImFjY2VsZXJvbWV0ZXI7IGF1dG9wbGF5OyBjbGlwYm9hcmQtd3JpdGU7IGVuY3J5cHRlZC1tZWRpYTsgZ3lyb3Njb3BlOyBwaWN0dXJlLWluLXBpY3R1cmU7IHdlYi1zaGFyZSIgcmVmZXJyZXJwb2xpY3k9InN0cmljdC1vcmlnaW4td2hlbi1jcm9zcy1vcmlnaW4iIGFsbG93ZnVsbHNjcmVlbj48L2lmcmFtZT4=<\/script><\/div>\n<\/div>\n<hr \/>\n<h2>Firmenbrosch\u00fcre<\/h2>\n<figure id=\"attachment_2628\" aria-describedby=\"caption-attachment-2628\" style=\"width: 600px\" class=\"wp-caption alignnone\"><a href=\"https:\/\/asz-online.de\/webpaper\/asz-leistungsangebot.html\" target=\"_blank\" rel=\"noopener\"><img decoding=\"async\" loading=\"lazy\" class=\"wp-image-2628 size-full\" src=\"https:\/\/asz-online.de\/wp-content\/uploads\/2024\/04\/button_bro.jpg\" alt=\"\" width=\"600\" height=\"423\" srcset=\"https:\/\/asz-online.de\/wp-content\/uploads\/2024\/04\/button_bro.jpg 600w, https:\/\/asz-online.de\/wp-content\/uploads\/2024\/04\/button_bro-300x212.jpg 300w\" sizes=\"(max-width: 600px) 100vw, 600px\" \/><\/a><figcaption id=\"caption-attachment-2628\" class=\"wp-caption-text\">(zum Durchbl\u00e4ttern bitte anklicken)<\/figcaption><\/figure>\n<hr \/>\n<h2>Betriebsgeb\u00e4ude des ASZ in Altengottern<\/h2>\n<figure id=\"attachment_2536\" aria-describedby=\"caption-attachment-2536\" style=\"width: 600px\" class=\"wp-caption alignnone\"><a href=\"https:\/\/asz-online.de\/wp-content\/uploads\/2023\/09\/Betriebsgebaeude_ASZ_2.jpg\" target=\"_blank\" rel=\"noopener\"><img decoding=\"async\" loading=\"lazy\" class=\"wp-image-2536 size-full\" src=\"https:\/\/asz-online.de\/wp-content\/uploads\/2023\/09\/Betriebsgebaeude_ASZ_1.jpg\" alt=\"\" width=\"600\" height=\"427\" srcset=\"https:\/\/asz-online.de\/wp-content\/uploads\/2023\/09\/Betriebsgebaeude_ASZ_1.jpg 600w, https:\/\/asz-online.de\/wp-content\/uploads\/2023\/09\/Betriebsgebaeude_ASZ_1-300x214.jpg 300w\" sizes=\"(max-width: 600px) 100vw, 600px\" \/><\/a><figcaption id=\"caption-attachment-2536\" class=\"wp-caption-text\">(zum Vergr\u00f6\u00dfern bitte anklicken)<\/figcaption><\/figure>\n<hr \/>\n<h2>Arbeitsmedizinische Praxis Erfurt<\/h2>\n<figure id=\"attachment_528\" aria-describedby=\"caption-attachment-528\" style=\"width: 600px\" class=\"wp-caption alignnone\"><img decoding=\"async\" loading=\"lazy\" class=\"wp-image-528 size-full\" src=\"https:\/\/asz-online.de\/wp-content\/uploads\/2017\/08\/am_erfurt_2.jpg\" alt=\"\" width=\"600\" height=\"418\" srcset=\"https:\/\/asz-online.de\/wp-content\/uploads\/2017\/08\/am_erfurt_2.jpg 600w, https:\/\/asz-online.de\/wp-content\/uploads\/2017\/08\/am_erfurt_2-300x209.jpg 300w\" sizes=\"(max-width: 600px) 100vw, 600px\" \/><figcaption id=\"caption-attachment-528\" class=\"wp-caption-text\">(Flughafengel\u00e4nde Erfurt-Weimar)<\/figcaption><\/figure>\n<hr \/>\n<figure id=\"attachment_2150\" aria-describedby=\"caption-attachment-2150\" style=\"width: 578px\" class=\"wp-caption alignnone\"><img decoding=\"async\" loading=\"lazy\" class=\"wp-image-2150 size-full\" src=\"https:\/\/asz-online.de\/wp-content\/uploads\/2022\/02\/IHK_30_ASZ_Web.jpg\" alt=\"\" width=\"578\" height=\"808\" srcset=\"https:\/\/asz-online.de\/wp-content\/uploads\/2022\/02\/IHK_30_ASZ_Web.jpg 578w, https:\/\/asz-online.de\/wp-content\/uploads\/2022\/02\/IHK_30_ASZ_Web-215x300.jpg 215w\" sizes=\"(max-width: 578px) 100vw, 578px\" \/><figcaption id=\"caption-attachment-2150\" class=\"wp-caption-text\">Ehrenurkunde der IHK<\/figcaption><\/figure>\n<hr \/>\n<figure id=\"attachment_2528\" aria-describedby=\"caption-attachment-2528\" style=\"width: 578px\" class=\"wp-caption alignnone\"><img decoding=\"async\" loading=\"lazy\" class=\"wp-image-2528 size-full\" src=\"https:\/\/asz-online.de\/wp-content\/uploads\/2023\/09\/Zertifikat-2022-IHK.jpg\" alt=\"\" width=\"578\" height=\"819\" srcset=\"https:\/\/asz-online.de\/wp-content\/uploads\/2023\/09\/Zertifikat-2022-IHK.jpg 578w, https:\/\/asz-online.de\/wp-content\/uploads\/2023\/09\/Zertifikat-2022-IHK-212x300.jpg 212w\" sizes=\"(max-width: 578px) 100vw, 578px\" \/><figcaption id=\"caption-attachment-2528\" class=\"wp-caption-text\">Wir sind ein IHK-zertifizierter Ausbildungsbetrieb<\/figcaption><\/figure>\n<hr \/>\n<figure id=\"attachment_3047\" aria-describedby=\"caption-attachment-3047\" style=\"width: 578px\" class=\"wp-caption alignnone\"><img decoding=\"async\" loading=\"lazy\" class=\"wp-image-3047 size-full\" src=\"https:\/\/asz-online.de\/wp-content\/uploads\/2025\/04\/ASB_Urkunde.jpg\" alt=\"\" width=\"578\" height=\"836\" srcset=\"https:\/\/asz-online.de\/wp-content\/uploads\/2025\/04\/ASB_Urkunde.jpg 578w, https:\/\/asz-online.de\/wp-content\/uploads\/2025\/04\/ASB_Urkunde-207x300.jpg 207w\" sizes=\"(max-width: 578px) 100vw, 578px\" \/><figcaption id=\"caption-attachment-3047\" class=\"wp-caption-text\">Ein nettes Dankesch\u00f6n vom ASB-Kreisverband S\u00f6mmerda e. V. f\u00fcr die Unterst\u00fctzung bei der Anschaffung eines neuen Dienstfahrzeuges.<\/figcaption><\/figure>\n<hr \/>\n<figure id=\"attachment_86\" aria-describedby=\"caption-attachment-86\" style=\"width: 600px\" class=\"wp-caption alignnone\"><img decoding=\"async\" loading=\"lazy\" class=\"wp-image-86 size-full\" src=\"https:\/\/asz-online.de\/wp-content\/uploads\/2017\/07\/hoe_2017.jpg\" alt=\"\" width=\"600\" height=\"400\" srcset=\"https:\/\/asz-online.de\/wp-content\/uploads\/2017\/07\/hoe_2017.jpg 600w, https:\/\/asz-online.de\/wp-content\/uploads\/2017\/07\/hoe_2017-300x200.jpg 300w\" sizes=\"(max-width: 600px) 100vw, 600px\" \/><figcaption id=\"caption-attachment-86\" class=\"wp-caption-text\">Gr\u00fcnder Herr Peter H\u00f6nl (links) und Gesch\u00e4ftsinhaber Herr Christian H\u00f6nl<\/figcaption><\/figure>\n","protected":false},"excerpt":{"rendered":"<p>Lernen Sie uns kennen! Mit dem Laden des Videos akzeptieren Sie die Datenschutzerkl\u00e4rung von YouTube.Mehr erfahren Video laden YouTube immer entsperren Unser gesamtes Handeln ist auf den Schutz und die Erhaltung des Lebens und der Gesundheit von arbeitenden Menschen ausgerichtet. Hervorragende Servicequalit\u00e4t am Kunden ist Anspruch und Ziel unserer Arbeit. Unsere Mitarbeiter sind unser wichtigstes &hellip; <\/p>\n<p class=\"link-more\"><a href=\"https:\/\/asz-online.de\/index.php\/unternehmen\/ueber-uns\/\" class=\"more-link\"><span class=\"screen-reader-text\">\u201e\u00dcber uns\u201c <\/span>weiterlesen<\/a><\/p>\n","protected":false},"author":2,"featured_media":0,"parent":41,"menu_order":0,"comment_status":"closed","ping_status":"closed","template":"","meta":[],"_links":{"self":[{"href":"https:\/\/asz-online.de\/index.php\/wp-json\/wp\/v2\/pages\/1017"}],"collection":[{"href":"https:\/\/asz-online.de\/index.php\/wp-json\/wp\/v2\/pages"}],"about":[{"href":"https:\/\/asz-online.de\/index.php\/wp-json\/wp\/v2\/types\/page"}],"author":[{"embeddable":true,"href":"https:\/\/asz-online.de\/index.php\/wp-json\/wp\/v2\/users\/2"}],"replies":[{"embeddable":true,"href":"https:\/\/asz-online.de\/index.php\/wp-json\/wp\/v2\/comments?post=1017"}],"version-history":[{"count":65,"href":"https:\/\/asz-online.de\/index.php\/wp-json\/wp\/v2\/pages\/1017\/revisions"}],"predecessor-version":[{"id":3410,"href":"https:\/\/asz-online.de\/index.php\/wp-json\/wp\/v2\/pages\/1017\/revisions\/3410"}],"up":[{"embeddable":true,"href":"https:\/\/asz-online.de\/index.php\/wp-json\/wp\/v2\/pages\/41"}],"wp:attachment":[{"href":"https:\/\/asz-online.de\/index.php\/wp-json\/wp\/v2\/media?parent=1017"}],"curies":[{"name":"wp","href":"https:\/\/api.w.org\/{rel}","templated":true}]}}